. Let z be d(3). Suppose r = z*i - 1002, 4*i - 804 = -5*r - 14. Let o = 287 - i. Is o a prime number?
False
Let m(n) = 2*n**2 - 3*n + 11. Is m(6) a composite number?
True
Let c(o) = 5*o**3 - 2*o**2 + 9*o + 13. Is c(7) a composite number?
False
Let h be (2*-1)/(0 - -1). Let o be (-8)/(-3) - h/(-3). Is 112/10 - o/10 a prime number?
True
Let m = 1 - -3. Suppose m = u + 23. Let l = u - -58. Is l prime?
False
Let w(u) = 13*u**2 + 9*u - 57. Is w(13) a composite number?
True
Suppose 0 = 4*v - 7901 - 7271. Is v composite?
False
Let h(j) = -2*j + 2. Let z be h(6). Let o be 4/z - (-108)/20. Suppose 2*c + c - 100 = -l, o*l + c = 486. Is l prime?
True
Let u(d) = d**3 + 6*d**2 - 4*d - 2. Let i be u(4). Let s = i + -89. Is s a composite number?
False
Let z(x) = -x**3 - 4*x**2 - 8*x + 4. Let r be z(-7). Let c = -64 + r. Is c a composite number?
True
Is (10/6)/((-7)/(-3759)) prime?
False
Let w = -2 - 4. Let h = -57 - -85. Let m = h + w. Is m a prime number?
False
Let j(m) = -m**3 + 9*m**2 - 9*m + 2. Let z be j(8). Is -6 + 3 - z - 0 prime?
True
Suppose 3*z - 2774 + 107 = 0. Is z a composite number?
True
Is 587*5/(-30)*-6 a composite number?
False
Let p(f) = f**2 + f + 38. Is p(0) a prime number?
False
Let i = 6 - 2. Suppose 2*x + i = -10. Let u = 22 + x. Is u composite?
True
Let f = -4028 + 5721. Is f a prime number?
True
Is 13880 - ((-3)/2 - (-15)/(-10)) a prime number?
True
Let d(y) = 2*y**3 - y**2 - y + 3. Let i be d(3). Suppose -i = -2*g - g. Is g prime?
False
Let u(q) = -17*q**2 + 2*q - 1. Let m be u(-2). Let y = -30 - m. Is y a prime number?
True
Suppose 3*z - 11 = -2*f, -3*z + 2*z - 15 = -4*f. Suppose -w + 4*d + 393 = 2*w, -f*w = 5*d - 493. Is w composite?
False
Let s(d) = 216*d - 34. Is s(6) prime?
False
Suppose -8 = 4*r + 8. Let g = r + 4. Is (65/1)/(g - -1) a prime number?
False
Let c = -55 + 24. Let h(n) = 2*n + 6. Let o be h(-9). Let b = o - c. Is b prime?
True
Is 69 + (-3 - (-5)/1) prime?
True
Suppose b + b = 230. Is b composite?
True
Let h(l) = 8 + 10*l**3 + l + 2*l**2 - 9*l**3 + 4*l**2. Let v be h(-6). Suppose 118 = v*d - k - 131, -d - k = -132. Is d a prime number?
True
Suppose z + 7 - 3 = 0. Let i be z*(38/(-8) - -2). Let w = 22 - i. Is w a composite number?
False
Let k be 9/(-12) + (-36)/16. Let s(f) = -f**2 + f + 19. Let l be s(0). Is k/(-2 - 1)*l prime?
True
Let n(w) = w**2 - 3*w - 3. Let c(o) = 2*o + 2. Let r(a) = 5*c(a) + 3*n(a). Let u be r(-1). Suppose -4*t + 268 = -u*j - j, -10 = 5*j. Is t a prime number?
False
Let s(i) = 3*i**2 + 5*i + 6. Let o(m) = 7*m**2 + 11*m + 13. Let l(y) = -4*o(y) + 9*s(y). Is l(0) a prime number?
True
Let u(c) = -8*c - 4. Let r be u(-3). Let j = -6 - -5. Let d = j + r. Is d a composite number?
False
Let q = 1422 + 4723. Is q composite?
True
Let z(u) = 42*u - 34. Let h(j) = 14*j - 11. Let g(f) = 10*h(f) - 3*z(f). Let s be g(-7). Is (-5)/15 - s/3 prime?
False
Suppose -819 = -3*d - 48. Is d prime?
True
Let a(l) = l**2 - 4*l - 1. Let h be a(3). Let n = -4 - h. Suppose n*y + 65 = 5*y. Is y a composite number?
False
Let h = -149 - -259. Suppose 2*j - 3*j = -h. Suppose -a - 23 = -x + 34, a + j = 2*x. Is x prime?
True
Let t = -73 - -160. Is t composite?
True
Let i be (-842)/(-6) + (-6)/18. Let v = i + -204. Let f = 191 + v. Is f a prime number?
True
Let q be (0 + -1)/(-1 - 0). Let t = -1 - -2. Let d = t + q. Is d composite?
False
Let p(b) be the first derivative of 1/4*b**4 + 7*b - 5/3*b**3 - 4 + 3/2*b**2. Is p(5) composite?
True
Let b(k) = k - 6. Let g be b(5). Let n be -2*1*(g - 5). Is (n - 1)*(1 - 0) composite?
False
Let v(z) = z**2 - 4*z + 2. Suppose -2*n - 33 = 5*o, 1 = 3*n + 13. Is v(o) prime?
True
Suppose 4*m = 5*o - 0*m + 258, o + 5*m + 40 = 0. Is (0 - -37)/((-10)/o) a prime number?
False
Is (-283328)/(-95) + (-6)/(-10) composite?
True
Let z(d) = -4*d + 2. Let k be z(6). Let u = -14 - k. Suppose 26 = f - u. Is f composite?
True
Let w(l) = -37*l - 2. Is w(-3) a composite number?
False
Suppose -13 = -5*b + 4*v + 12, 10 = 2*b - v. Suppose 69 = -b*u + 334. Suppose u = -3*o + 4*o. Is o composite?
False
Let w(o) = 2*o + 33. Is w(0) a composite number?
True
Let o(x) = 28*x**2 + 9. Is o(-8) a prime number?
True
Let j(g) = g**3 - 16*g**2 + 9*g + 12. Let i be j(14). Is -28*2/16*i prime?
False
Suppose 5*x - 322 - 693 = -3*f, 3*f + 2*x - 1009 = 0. Is f a composite number?
True
Suppose 4*i - 7 = 9. Is (-1)/i + 485/4 a prime number?
False
Suppose -2*b - 3*b = -425. Is b composite?
True
Suppose 3*m - 1307 + 80 = 0. Is m composite?
False
Let p(o) = -3 + 2 - 5*o + 6*o**2 - 2*o. Let n be p(5). Let h = n + -47. Is h a composite number?
False
Let o be 48/20 + 2/(-5). Suppose -4*z + o*z + 2*k = -182, 186 = 2*z - 4*k. Is z a prime number?
True
Let v(p) = p - 1. Let q be v(4). Suppose -2*d = q*s - 74, 3*d - s - 66 = 45. Is d composite?
False
Suppose 30 = -v + 109. Let i be (-1 + -1)*1 + 4. Suppose i*m - v = -5. Is m a composite number?
False
Let p = 746 + -309. Let z = p - 294. Is z a composite number?
True
Let g = 3164 + -2023. Is g a prime number?
False
Let y(o) = o**2 + o. Let u be y(-3). Let g = u + -4. Suppose 2*l + 3 = -t, -3*t - g*l + 18 = t. Is t prime?
True
Let w(d) = 3*d + 1. Let z be (-1 - 1)/((-4)/10). Let n be w(z). Let y = 39 + n. Is y composite?
True
Let m(z) = -9*z**2 + 24*z - 33. Let k(a) = -4*a**2 + 12*a - 16. Let b(p) = 7*k(p) - 3*m(p). Is b(10) a prime number?
True
Let x(z) be the second derivative of z**3/6 + 7*z**2/2 + 3*z. Let f be x(-5). Suppose -3*n - 4*j + 41 = -f*j, n = -4*j + 17. Is n composite?
False
Let x(t) = t**3 - 14*t**2 - 13*t + 7. Is x(15) a prime number?
True
Suppose -s - 4*j = -3*j + 6, 4*s = j + 1. Let u = s - 3. Is u/(-18) + 1972/36 a composite number?
True
Suppose -f + 4*i + 6 = 1, 0 = 5*f - 5*i + 35. Let g = 30 + f. Is g a composite number?
False
Let s = -1289 - -759. Let g = s - -1219. Is g composite?
True
Let c = -727 + 477. Let x = 66 - c. Suppose 4*l - x - 72 = 0. Is l a composite number?
False
Suppose 291 = 5*n - 964. Is n a composite number?
False
Suppose -5*p = -405 + 140. Is p prime?
True
Let h be 19 + (-4 + 2)/(-2). Let w be (4/1)/(8/h). Suppose 2*v - w = v. Is v prime?
False
Suppose 0 = s - 2*v - 1039, -8*v = 2*s - 4*v - 2094. Is s a composite number?
True
Let h = 2947 + -1628. Is h composite?
False
Suppose -4*i = -3*i - 29. Suppose -1 = -5*o + i. Suppose o*q - 489 = 3*q. Is q a composite number?
False
Let m(x) = 3*x - 2. Let t be m(5). Suppose t = -0*h + h. Is h prime?
True
Suppose -2*j - 151 = 19. Let g = 178 + j. Is g a prime number?
False
Suppose 4*p = h + 17309, 5*p - 3*h + h - 21637 = 0. Is p a composite number?
False
Let m be 32/14 + (-2)/7. Is 112/m + (-9)/3 a prime number?
True
Let c(s) = s**2 - 14*s - 9. Let b be c(14). Let i be 0 - -2*b/(-6). Suppose t + 3*o = 59, -3*t + 2*o = i*o - 177. Is t prime?
True
Let s be (1/(-2))/(3/(-36)). Suppose -21 = -x + 3*n, -2*x - 13 = s*n - n. Is x composite?
True
Let j be 33/9 - (-2)/(-3). Let t(s) = s + 9. Let d be t(-4). Suppose a = -d*q + j*a + 449, -5*a - 167 = -2*q. Is q a prime number?
False
Let c = -419 + 733. Suppose 3*m - 191 = -5*y, -6*m + c = -m + 4*y. Is m composite?
True
Let d be 2/(-9) - 140/(-63). Suppose 5*b + j = 237, -d*j - 60 = -b + 2*j. Suppose -h + b = -43. Is h prime?
False
Let b(o) = 2*o - 2. Suppose -n - 3*k = 10, -2*n + 1 + 23 = -5*k. Let u be b(n). Suppose -u = 5*j - 37. Is j a composite number?
False
Let m = 29 - -2. Is m/(12/10 - 1) composite?
True
Let c(d) = d**3 + 2*d + 5. Let i be ((-9)/2)/((-4)/16). Let p be (-40)/(-12)*i/15. Is c(p) composite?
True
Let i be (0 + 2/(-4))*-12. Suppose i*s - s = 0. Suppose b + 0 - 4 = s. Is b a prime number?
False
Suppose 4*f = f + 162. Suppose 0*m + 4*k = -2*m + 42, 0 = 2*m - 2*k - f. Is m prime?
False
Let k = 15 - 11. Suppose 2 - k = -q. Is q/(-4)*6 + 72 a composite number?
True
Suppose -7*r = -y - 3*r - 22, 2*y + 3*r = 11. Let m be 2/y + 2*-1. Is m*(1 + (-52)/6) a prime number?
True
Let j = 2 + -4. Let t = 5 + j. Is t a prime number?
True
Let g = 28 + -4. Suppose -4 = -q - g. Let a = 30 + q. Is a a composite number?
True
Suppose 7*g + 1581 = 10*g. Is g composite?
True
Let i be 1 - (-19 + 2 + -2). Suppose 5*f - 5 = i. Suppose f*z - z - 61 = 5*s, -4*z + 73 = -s. Is z composite?
False
Let h = 850 + -441. Is h a prime number?
True
Suppose -2*k - h - 25 = 4*h, -5*k - h = 